*y + 9. Let g = 1 - 0. Suppose 15*t + 72 = 6*t. Let x be (8/g)/(t + 7). Calculate i(x).
-7
Let j(t) = -3*t**2 + 3*t - 4. Suppose -4*o - 23 = -m, o + 17 = 15*m - 11*m. Give j(m).
-22
Let y(d) = 2*d. Let s(v) = -14*v + 50. Let g(i) = -15*i + 50. Let x(m) = -3*g(m) + 4*s(m). Let n be x(4). Determine y(n).
12
Let g(c) be the second derivative of -c**4/12 + c**3/2 + c**2 - 3*c - 55. Determine g(-1).
-2
Let m(v) be the third derivative of v**6/120 + v**5/60 - v**4/8 - 3*v**3/2 + 3*v**2 - 68. What is m(0)?
-9
Let p(m) be the second derivative of 3*m**3/2 - m**2 + 138*m. Determine p(1).
7
Let g = 2 + -8. Let b(o) = o**3 + 3*o**2 + 2*o. Let l be b(-2). Let q(x) = l*x + 32 - 40 - 2*x. What is q(g)?
4
Let p(f) = f**2 - 2*f. Let s be p(2). Let d(r) = 12*r + 2 - 2*r**2 - 13*r + r**2. What is d(s)?
2
Let g(s) = s + 2. Suppose 5*o - 125 = -y, -o + 2*y + 4 = -2*y. Let u = o + -19. Suppose -2*a - 1 - 2 = -3*r, -u*r = a - 18. What is g(a)?
5
Let f(c) = -2*c**2 + 12*c + 19. Let p(v) = -v**2 + 6*v + 10. Let r(t) = -6*f(t) + 11*p(t). What is r(3)?
-13
Let o(b) = -2*b + 1 - 19*b**2 + b + 0*b - b**3 + 24*b**2 + 0*b. Determine o(5).
-4
Let w(z) = -8*z + 177. Let t be w(22). Let v(x) = 4*x. Calculate v(t).
4
Let a(m) = 4*m - 2. Let d = -28 + 27. Let q be a(d). Let b(r) = -r**2 - 8*r - 9. Let n be b(q). Let v(h) = -h**3 + 5*h**2 - 3*h - 2. What is v(n)?
7
Let d(j) = -4*j - 10. Let v be d(-5). Let r(q) = 3*q - 5*q**2 + 2 + 22*q**2 - v*q**2 - 8*q**2. Calculate r(3).
2
Suppose 3*l - 2 - 25 = 0. Suppose -2*b = -l*b + 28. Let h(w) = -w**2 + 3*w + 3. Give h(b).
-1
Let n(d) = -d**2 + d - 1. Let q(z) = 4*z**2 + 2*z + 2. Let w be q(-1). Let l(j) = -j**3 + 5*j**2 - 5*j + 5. Let b be l(w). Give n(b).
-1
Let d(z) = -z**3 + 3*z**2 + 7*z + 2. Let h be d(6). Let g = -71 - h. Let v(m) = m**3 + 8*m**2 + 4*m - 3. Give v(g).
18
Let b(k) = -13*k**3 - 23*k**2 + 9*k + 19. Let a(q) = -7*q**3 - 12*q**2 + 4*q + 10. Let z(s) = 11*a(s) - 6*b(s). Calculate z(-7).
17
Let j = -6 + 12. Let t(h) = -5*h**2 - 4*h + 2. Let w(m) = 4*m**2 + 4*m - 1. Let k(o) = -4*o - 6. Let n be k(-3). Let p(v) = n*w(v) + 5*t(v). Calculate p(j).
-8
Let u = -1361/2 + 681. Let r(d) be the first derivative of -10 - 13/4*d**4 + 0*d - 1/3*d**3 + u*d**2. Calculate r(1).
-13
Let c(k) = k**2 - 6*k - 3. Suppose 2*h = -h + 4*o + 3, -2*h = -2*o. Let r be (123/12 + -8)/(h/(-8)). Give c(r).
-3
Let s(y) = 4*y**3 + 9*y**2 + 3*y + 3. Let r(d) = d**3 + d**2 - d + 1. Let x(z) = -3*r(z) + s(z). Let v = 12 + -27. Let i be 22/(-6) - (-5)/v. Give x(i).
8
Let n(a) = 33*a - 18. Let j(b) = 20*b - 9. Let v(m) = 5*j(m) - 3*n(m). What is v(-2)?
7
Let q(l) = -l**2 - 7*l - 1. Let j be (-8)/(-32)*-8*10/4. Determine q(j).
9
Let l = 15 - 7. Let r(i) = -l + 104*i - 1 - 103*i. What is r(0)?
-9
Let f(p) = 31*p**2 - 3*p + 1. Let a(t) = 15*t**2 - 2*t. Let j(h) = 13*a(h) - 6*f(h). Let d(s) = 5*s**2 - 4*s - 3. Let i(l) = 7*d(l) - 4*j(l). Determine i(4).
3
Let m be ((-10)/(-10))/((-1)/(-7)). Let j(x) = -m + 5 - 3 - x**2 - 8*x - 1. Give j(-6).
6
Let m = 2477 + -2482. Let s(k) = k**2 + 9*k + 14. Calculate s(m).
-6
Let a(u) be the first derivative of -3*u**2 + 7*u - 62. Give a(4).
-17
Let t(u) be the second derivative of u**8/6720 + u**7/504 + u**6/360 - u**5/60 + 17*u**4/12 + 48*u. Let m(f) be the third derivative of t(f). Calculate m(-4).
6
Let u(z) = 5*z - 1. Let s = 280 + -279. What is u(s)?
4
Let c be (13*(0 + -1))/(-1). Let u(z) be the second derivative of -z**4/12 + 2*z**3 + 7*z**2 - 10*z. Let n be u(c). Let s(o) = -8*o**2 - 2*o + 1. Give s(n).
-9
Let a = 8 - 6. Let i(w) = 2*w - a*w**2 + 1 - 3 + 0 - w**3 + 5. Determine i(-3).
6
Let y(h) = 7*h + 11*h - 20*h + 2*h**2. What is y(1)?
0
Let q(s) = 35*s**3 + 2*s + 1. Let z = -1124 + 1123. Calculate q(z).
-36
Let z = -13 + 15. Suppose 3*t = z*t + 12. Suppose -7*s = -5*s - t. Let i(b) = b - 3. Determine i(s).
3
Suppose -4 = -2*i + 18. Let n(k) = k**2 - 12*k + 13. What is n(i)?
2
Let p(s) = -s**2 - 8*s + 2. Let q(l) be the third derivative of -l**5/60 + l**4/6 + 2*l**3/3 - 3*l**2. Let y = 188 + -190. Let h be q(y). Give p(h).
2
Let u(j) = -5*j**3 + j**2 + 2*j + 1. Suppose 0 = -3*z + 4*z + 36. Let y be (z/20)/(4/(-20)). Suppose -3*t + 0*t = r + 6, -3*t + 4*r + y = 0. What is u(t)?
5
Let l(r) = 10*r**3 - 9*r**2 - 2*r**3 - 9*r**3 + 1 + 3*r**2 - 6*r. What is l(-4)?
-7
Let z(r) = -2*r + 2*r + 0*r - 23 - r. Give z(0).
-23
Let j(s) = 3*s**3 + 1 - 2*s + 1 - 5*s**2 - 2*s**3. Suppose 4*z + 0*z = 12. Let n be (-3 - -4)*z - -2. Determine j(n).
-8
Let m(u) = -3*u + 1. Let g(s) be the second derivative of s**4/12 - s**3 - 11*s**2/2 + 2*s. Let b be g(7). Calculate m(b).
13
Suppose -21*f + 60 = -6*f. Let b(y) = 9*y - 5. Determine b(f).
31
Let z(m) = -2*m - 1. Suppose -3*p + p = -4. Suppose 4*g = p*g + 2. Determine z(g).
-3
Let f(p) = -1. Let q(m) = -3*m + 2. Let z(i) = -3*f(i) - q(i). Suppose 2*k - 5*a = -k + 16, 2*k - 3*a - 9 = 0. Give z(k).
-8
Let v(t) = 2*t**3 - 15*t**2 + 7*t + 3. Let x be ((-15)/9 + -3)/((-2)/3). Determine v(x).
3
Let v(d) = 5*d**2 - 6*d + 8. Let k(j) = 4*j**2 - 6*j + 7. Let a(s) = -4*k(s) + 3*v(s). Suppose -4*l + 47 - 23 = 0. Give a(l).
-4
Let p(o) be the second derivative of o**4/3 - o**3/3 + o**2 + 3*o + 23. Determine p(2).
14
Let h = 5 + -10. Let i(w) be the first derivative of -w**2/2 - w - 515. Calculate i(h).
4
Let m be (130/25 - 6)*(-35 - 0). Suppose 2*p - 26 + m = 0. Let h(g) = 3*g - 1. Give h(p).
-4
Suppose -230 = -8*k + 74. Let g = k + -45. Let m(s) = s**2 + 8*s + 2. Calculate m(g).
-5
Let f(d) = 721 + 101*d**2 - 99*d**2 - 711 + 7*d. Give f(-2).
4
Let m(d) = -d**3 + d + 7*d + 5*d**2 + d**2. Suppose 4*p - 27 = -5*o + 21, -2*p = 3*o - 26. Give m(p).
7
Suppose -4*q - 5*t = -13, 1 = 3*q - 2*t - 3*t. Suppose 0 = 2*g - 2*n - 8, q*g + 3*n + 0 = -7. Let x(y) = y**2 - 42*y + y**3 - 8*y**2 + 49*y + g. Give x(6).
7
Let u(o) = -2*o. Let k = 19 - 43. Let w be ((-5)/5)/(2/k). Suppose 0 = w*i - 11*i - 2. Give u(i).
-4
Suppose 4*k + 3*u - 47 = 0, 2*u + 15 - 65 = -5*k. Suppose -j - 3 = -k. Let f(n) = n**3 - 4*n**2 - 2*n - 2. Give f(j).
13
Let b(n) = -n**3 - 3*n**2 + 3*n - 3. Suppose 12 + 24 = -12*o. Determine b(o).
-12
Let l(y) = 7*y**3 - 6*y**3 - 4*y + 2*y**3 + 3*y. Suppose -2 - 3 = 5*o. Give l(o).
-2
Let h(i) be the first derivative of i**2 + 3*i + 1. Suppose -5*b + 49 = -61. Let y = b + -26. Give h(y).
-5
Let b(r) be the first derivative of 8 - 1/2*r**2 + 7*r. Determine b(5).
2
Let f(u) = -u**3 + 8*u**2 - 4*u - 18. Let i be f(7). Let l(k) be the first derivative of k**3/3 - 3*k**2/2 + 2*k + 1. Give l(i).
2
Suppose 7 = p + 11. Let t be p - (-2 + -2 + -5). Let s(l) = 8*l**2 + l**3 + 4 - 3*l**2 - 2*l**3. Give s(t).
4
Let s(f) be the first derivative of f**4/4 + 14*f**3/3 + 15*f**2/2 + 18*f - 5. Determine s(-13).
-8
Let p(w) = 2*w**2 + 7*w + 4. Suppose 3*g = -1 + 10, 5*j = g - 23. Calculate p(j).
8
Let r(h) = 13*h**2 + 9*h - 32. Let s(f) = 11*f**2 + 9*f - 30. Let z(g) = 6*r(g) - 7*s(g). Calculate z(8).
10
Let d(m) = 3*m**3 - m**2 - 4*m - 8. Let q(o) = -o**3 + o**2 + 2*o + 3. Let h(s) = 2*d(s) + 5*q(s). Give h(-2).
-1
Let s(t) = t**2 + 7 + 0*t - 10*t - 3*t. Let p be s(12). Let k(m) = -m + 1. Let r(u) = -2*u + 2. Let i(h) = 5*k(h) - 2*r(h). Give i(p).
6
Let m(d) = 107 - d**2 - 93 - d + 8*d. What is m(11)?
-30
Let i(w) = w**3 + 5*w**2 + 5*w + 3. Suppose -13*o + 12*o = -7. Suppose 0 = -3*u - 5 - o. What is i(u)?
-1
Let t(q) be the second derivative of -q**4/12 - q**3/3 - q**2 + 37*q. Suppose 0 = 5*i + 5 + 5. Determine t(i).
-2
Let k(f) = -3*f**2 + 3*f + 22. Let s be k(0). Let i(x) = -x**2 + 25*x - 66. Calculate i(s).
0
Let o(n) = 169*n**2 - 8*n + 3*n**3 - 165*n**2 - 6 + n - 2*n**3. Calculate o(-4).
22
Let z(l) = -5*l - 1. Suppose -8*s = -6*s + 6. Determine z(s).
14
Let a(c) be the third derivative of 0 + 0*c - c**3 + 1/24*c**4 - 1/60*c**5 + 28*c**2. Give a(0).
-6
Suppose -26 = -3*l - 2*m, 3*l - 2*m + 7 = 17. Let a(f) = f**2 - 7*f - 6. Give a(l).
-12
Let v(u) = -2*u + 9. Let p be (4 - 9)*(2 - 4). Determine v(p).
-11
Let l(x) be the third derivative of -x**4/24 + x**3/3 + 87*x**2. Determine l(-4).
6
Let g(o) = -4*o**2 + 9*o - 2*o**2 + 5 - 11 + 5*o**2. Let k be g(8). Let v(c) = 4*c**3 - 3*c**3 - 1 + 0*c**k - 4*c + 2*c**2. What is v(-3)?
2
Let u(z) be the first derivative of z**2 + z + 158. Calculate u(6).
13
Suppose -373